NOAA-Style Climate Reports


Report for 2021 April
                   Monthly Climatological Summary for Apr 2021

Name: N0BGS   City: Hermon   State: Maine
Elevation: 145 ft  Lat: N 44° 48' 29"   Lon: W 068° 54' 51"

                  Temperature (°F), Rain (in), Wind Speed (mph)

                                      Heat  Cool        Avg
    Mean                              Deg   Deg         Wind                 Dom
Day Temp  High   Time   Low    Time   Days  Days  Rain  Speed High   Time    Dir
----------------------------------------------------------------------------------
01  43.5  48.8   07:45  32.2   23:59  21.5   0.0  0.78   2.9  22.0   11:13    NW
02  31.8  40.7   14:15  25.7   06:38  33.2   0.0  0.00   4.2  20.0   00:41   WNW
03  33.2  47.7   15:43  20.1   06:05  31.2   0.0  0.00   1.8  20.0   12:17   WNW
04  36.9  52.1   14:34  22.8   03:14  28.1   0.0  0.01   2.9  25.0   20:53   NNW
05  41.1  47.9   15:46  34.1   00:58  23.9   0.0  0.12   3.2  23.0   17:43    NW
06  48.2  55.1   17:14  42.1   06:49  16.8   0.0  0.00   2.2  17.0   04:34   NNW
07  52.7  62.1   14:24  43.3   01:48  12.3   0.0  0.00   1.9  17.0   10:42     N
08  53.5  66.7   15:53  41.8   23:58  11.7   0.1  0.00   1.3  13.0   15:09    NE
09  52.2  71.7   15:11  33.8   05:38  13.7   0.8  0.00   1.3  16.0   17:00   SSW
10  53.0  73.2   15:42  38.7   06:38  13.0   1.0  0.06   1.1  13.0   16:56   ESE
11  49.8  61.3   16:31  40.2   09:21  15.2   0.0  0.00   1.7  16.0   16:22    NE
12  52.1  60.4   16:16  46.7   23:59  12.9   0.0  0.00   3.3  18.0   22:14    NE
13  51.5  63.3   15:33  39.0   23:29  13.5   0.0  0.00   2.5  18.0   11:37   NNE
14  45.9  62.2   16:42  31.7   05:35  19.1   0.0  0.00   1.1  15.0   08:43    NE
15  44.7  63.1   14:16  29.3   05:58  20.3   0.0  0.00   1.5  16.0   18:32    SE
----------------------------------------------------------------------------------
    46.0  73.2    10    20.1     3   286.4   1.9  0.97   2.2  25.0     4     NNW

Max >=  80.0  0
Max <=  32.0  0
Min <=  32.0  5
Min <=   0.0  0
Max Rain: 0.78 on day 1
Days of Rain: 4 (>= 0.01 in)  2 (>= 0.10 in)  0 (>= 1.00 in)
Heat Base: 65.0  Cool Base: 65.0  Method: Integration