NOAA-Style Climate Reports


Report for 2022 November
                   Monthly Climatological Summary for Nov 2022

Name: N0BGS   City: Hermon   State: Maine
Elevation: 145 ft  Lat: N 44° 48' 29"   Lon: W 068° 54' 51"

                  Temperature (°F), Rain (in), Wind Speed (mph)

                                      Heat  Cool        Avg
    Mean                              Deg   Deg         Wind                 Dom
Day Temp  High   Time   Low    Time   Days  Days  Rain  Speed High   Time    Dir
----------------------------------------------------------------------------------
01  54.4  69.2   15:21  44.8   23:53  10.9   0.3  0.00   0.1   7.0   12:54   WNW
02  49.1  64.0   14:01  32.1   23:56  15.9   0.0  0.00   1.1  19.0   12:00   WNW
03  42.0  63.0   14:16  26.8   07:17  22.9   0.0  0.00   0.8  15.0   12:49   SSW
04  47.2  71.5   15:16  30.6   06:36  18.5   0.7  0.00   0.4  12.0   15:36   SSE
05  56.7  75.8   13:47  37.4   06:11  10.5   2.1  0.00   1.5  17.0   13:52     S
06  66.8  75.3   11:00  61.3   00:04   0.6   2.5  0.00   3.5  22.0   07:58     S
07  61.7  73.9   12:47  45.6   23:50   4.9   1.6  0.09   3.6  28.0   17:21   WSW
08  42.1  48.7   12:48  33.0   23:59  22.9   0.0  0.00   4.3  33.0   11:52   WNW
09  36.7  50.4   14:42  23.6   06:31  28.3   0.0  0.00   0.6  10.0   13:46    SW
10  49.3  65.2   14:19  39.1   07:24  15.7   0.0  0.00   0.9  16.0   14:34     S
11  51.8  65.2   13:57  35.4   06:19  13.2   0.0  0.53   0.3  14.0   23:43   SSE
12  59.1  69.4   14:01  45.5   22:58   6.1   0.2  0.86   2.0  24.0   04:30     S
13  42.2  46.0   00:02  36.4   23:50  22.8   0.0  0.80   0.9  21.0   23:22    NW
14  33.1  38.3   13:18  28.3   23:12  31.9   0.0  0.01   4.6  30.0   08:53     W
15  30.1  39.9   13:05  21.3   06:17  34.9   0.0  0.00   0.6  15.0   12:28     W
16  31.3  32.9   15:51  29.1   23:54  33.7   0.0  0.19   1.3  17.0   17:47   NNE
17  30.2  38.4   12:43  25.6   23:03  34.8   0.0  0.00   1.5  19.0   12:46   WSW
18  27.7  39.2   13:48  21.3   22:30  37.3   0.0  0.02   1.3  15.0   03:19    SW
19  26.9  41.6   13:18  17.4   06:29  38.1   0.0  0.01   0.3  10.0   11:31   SSE
20  28.4  37.0   11:11  20.8   23:29  36.6   0.0  0.00   4.1  30.0   20:27   WSW
21  24.3  32.5   23:41  16.2   06:47  40.7   0.0  0.00   3.3  31.0   00:51   WSW
22  31.4  41.1   14:29  23.5   21:41  33.6   0.0  0.00   1.9  23.0   00:13   WSW
23  29.9  41.3   13:55  21.4   23:58  35.1   0.0  0.00   1.0  21.0   13:56   WNW
24  24.3  37.3   14:37  13.0   07:01  40.7   0.0  0.00   0.4  12.0   13:28   WSW
25  30.0  36.1   14:21  21.3   05:14  35.0   0.0  0.27   0.5  15.0   23:52   WSW
----------------------------------------------------------------------------------
    40.3  75.8     5    13.0    24   625.6   7.4  2.78   1.6  33.0     8     WSW

Max >=  80.0  0
Max <=  32.0  0
Min <=  32.0 15
Min <=   0.0  0
Max Rain: 0.86 on day 12
Days of Rain: 9 (>= 0.01 in)  5 (>= 0.10 in)  0 (>= 1.00 in)
Heat Base: 65.0  Cool Base: 65.0  Method: Integration